{"id":209,"date":"2012-07-05T17:26:43","date_gmt":"2012-07-05T17:26:43","guid":{"rendered":"http:\/\/mapatao.free.fr\/?page_id=209"},"modified":"2016-12-02T08:48:48","modified_gmt":"2016-12-02T08:48:48","slug":"carnet-de-route","status":"publish","type":"page","link":"https:\/\/mapatao.fr\/voyages\/?page_id=209","title":{"rendered":"Carnet de route Namibie"},"content":{"rendered":"<p><strong><span style=\"font-family: Calibri;\">Namibie, Botswana, Zimbabwe<\/span><\/strong><\/p>\n<p><strong><span style=\"font-family: Calibri;\">Du 28 d\u00e9cembre 2009 au 10 janvier 2010<\/span><\/strong><\/p>\n<p><a href=\"http:\/\/mapatao.fr\/voyages\/wp-content\/uploads\/2015\/08\/welcome-in-namibia.jpg\"><img loading=\"lazy\" decoding=\"async\" class=\"alignnone  wp-image-3291\" src=\"http:\/\/mapatao.fr\/voyages\/wp-content\/uploads\/2015\/08\/welcome-in-namibia-300x94.jpg\" alt=\"\" width=\"488\" height=\"153\" srcset=\"https:\/\/mapatao.fr\/voyages\/wp-content\/uploads\/2015\/08\/welcome-in-namibia-300x94.jpg 300w, https:\/\/mapatao.fr\/voyages\/wp-content\/uploads\/2015\/08\/welcome-in-namibia.jpg 960w\" sizes=\"auto, (max-width: 488px) 100vw, 488px\" \/><\/a><\/p>\n<p><strong><span style=\"font-family: Calibri;\">28 d\u00e9cembre 2009<\/span><\/strong><\/p>\n<p><span style=\"color: #000000; font-family: Calibri;\">Arriv\u00e9e \u00e0 Windhoek, capitale de la Namibie.<\/span><span style=\"color: #000000; font-family: Calibri;\">Prise en main de notre v\u00e9hicule et c&rsquo;est partie pour l&rsquo;aventure africaine.<\/span> <span style=\"color: #000000; font-family: Calibri;\">D\u00e9couverte de la ville, petite capitale, aux allures allemandes qui constitue tant par sa position g\u00e9ographique que par son importance, le centre n\u00e9vralgique du pays. Aussi peu peupl\u00e9e soit-elle (170.000 habitants), Windhoek illustre la diversit\u00e9 des peuples namibiens<\/span><\/p>\n<p><strong><span style=\"font-family: Calibri;\">29 d\u00e9cembre 2009<\/span><\/strong><\/p>\n<p><span style=\"font-family: Calibri;\"><span style=\"color: #000000;\"><a href=\"http:\/\/mapatao.fr\/voyages\/wp-content\/uploads\/2015\/08\/springbok.jpg\"><img loading=\"lazy\" decoding=\"async\" class=\"size-medium wp-image-3289 alignleft\" src=\"http:\/\/mapatao.fr\/voyages\/wp-content\/uploads\/2015\/08\/springbok-220x300.jpg\" alt=\"\" width=\"220\" height=\"300\" srcset=\"https:\/\/mapatao.fr\/voyages\/wp-content\/uploads\/2015\/08\/springbok-220x300.jpg 220w, https:\/\/mapatao.fr\/voyages\/wp-content\/uploads\/2015\/08\/springbok.jpg 480w\" sizes=\"auto, (max-width: 220px) 100vw, 220px\" \/><\/a>Route vers le d\u00e9sert du Kalahari, qui n&rsquo;est pas un d\u00e9sert contrairement \u00e0 ce que l&rsquo;on pense, ses pr\u00e9cipitations annuelles \u00e9tant sup\u00e9rieures \u00e0 celle d&rsquo;un d\u00e9sert. C&rsquo;est la raret\u00e9 des eaux de surface qui le fait tenir pour d\u00e9sert. A peine arriv\u00e9 au Game Ranch (notre h\u00e9bergement mont\u00e9 sur pilotis au sommet des dunes), nous partons pour notre premier safari. Antilopes, Oryx, gnous, springboks, z\u00e8bres, autruches, mais aussi des petites esp\u00e8ces telles que le suricate vivent en communaut\u00e9.<br \/>\n<\/span><span style=\"color: #000000;\">les + : se perdre dans les dunes rouges du Kalahari<\/span><\/span><\/p>\n<p>&nbsp;<\/p>\n<p>&nbsp;<\/p>\n<p><strong><span style=\"font-family: Calibri;\">30 d\u00e9cembre 2009<\/span><\/strong><\/p>\n<p><span style=\"font-family: Calibri;\"><span style=\"color: #000000;\"><a href=\"http:\/\/mapatao.fr\/voyages\/wp-content\/uploads\/2015\/08\/dead-vlai.jpg\"><img loading=\"lazy\" decoding=\"async\" class=\"size-medium wp-image-3283 alignleft\" src=\"http:\/\/mapatao.fr\/voyages\/wp-content\/uploads\/2015\/08\/dead-vlai-300x192.jpg\" alt=\"\" width=\"300\" height=\"192\" srcset=\"https:\/\/mapatao.fr\/voyages\/wp-content\/uploads\/2015\/08\/dead-vlai-300x192.jpg 300w, https:\/\/mapatao.fr\/voyages\/wp-content\/uploads\/2015\/08\/dead-vlai.jpg 927w\" sizes=\"auto, (max-width: 300px) 100vw, 300px\" \/><\/a>Nous poursuivons notre route vers Sossusvlei qui est ce que l&rsquo;on appelle en Afrique australe un \u00ab\u00a0pan\u00a0\u00bb, soit une sorte de lagune ass\u00e9ch\u00e9e \u00e0 l&rsquo;int\u00e9rieur du d\u00e9sert. Sossusvlei et ses alentours constituent une des seules richesses accessibles de la majestueuse mer de sable s&rsquo;\u00e9tendant sur 300km de long et 150km de large au c\u0153ur du d\u00e9sert de Namib.<\/span><\/span><\/p>\n<p>&nbsp;<\/p>\n<p>&nbsp;<\/p>\n<p><span style=\"font-family: Calibri;\"><span style=\"color: #000000;\"><a href=\"http:\/\/mapatao.fr\/voyages\/wp-content\/uploads\/2015\/08\/213_1334-Copie.jpg\"><img loading=\"lazy\" decoding=\"async\" class=\"size-medium wp-image-3230 alignleft\" src=\"http:\/\/mapatao.fr\/voyages\/wp-content\/uploads\/2015\/08\/213_1334-Copie-300x199.jpg\" alt=\"213_1334\" width=\"300\" height=\"199\" srcset=\"https:\/\/mapatao.fr\/voyages\/wp-content\/uploads\/2015\/08\/213_1334-Copie-300x199.jpg 300w, https:\/\/mapatao.fr\/voyages\/wp-content\/uploads\/2015\/08\/213_1334-Copie-1024x680.jpg 1024w, https:\/\/mapatao.fr\/voyages\/wp-content\/uploads\/2015\/08\/213_1334-Copie.jpg 2048w\" sizes=\"auto, (max-width: 300px) 100vw, 300px\" \/><\/a>On atteint notre campement par une vall\u00e9e bord\u00e9es de dunes suivant le lit de la rivi\u00e8re ass\u00e9ch\u00e9es nomm\u00e9e Tsauchab. Nous arrivons au c\u0153ur du parc Namib-Naukluft, La perspective impressionnante du d\u00e9sert se d\u00e9couvre en une infinie suite de vagues de sable souples et rebondies, alternant jeunes, oranges et ocre. Le paysage est fascinant, appelle myst\u00e8re, silence et s\u00e9r\u00e9nit\u00e9. Impossible de rester insensible \u00e0 la magie du lieu.<\/span><\/span><\/p>\n<p>&nbsp;<\/p>\n<p><strong><span style=\"font-family: Calibri;\">31 d\u00e9cembre 2009<\/span><\/strong><\/p>\n<p><span style=\"color: #000000; font-family: Calibri;\"><a href=\"http:\/\/mapatao.fr\/voyages\/wp-content\/uploads\/2015\/08\/213_1384-Copie.jpg\"><img loading=\"lazy\" decoding=\"async\" class=\"size-medium wp-image-3236 alignleft\" src=\"http:\/\/mapatao.fr\/voyages\/wp-content\/uploads\/2015\/08\/213_1384-Copie-300x199.jpg\" alt=\"213_1384\" width=\"300\" height=\"199\" srcset=\"https:\/\/mapatao.fr\/voyages\/wp-content\/uploads\/2015\/08\/213_1384-Copie-300x199.jpg 300w, https:\/\/mapatao.fr\/voyages\/wp-content\/uploads\/2015\/08\/213_1384-Copie-1024x680.jpg 1024w, https:\/\/mapatao.fr\/voyages\/wp-content\/uploads\/2015\/08\/213_1384-Copie.jpg 2048w\" sizes=\"auto, (max-width: 300px) 100vw, 300px\" \/><\/a>Le plus beau nouvel an, un vrai cadeau, \u00e0 faire sans retenue : le survol du d\u00e9sert de Namib en montgolfi\u00e8re. Se lever aux aurores, ca vaut vraiment le coup, et c&rsquo;est impossible de trouver les mots pour d\u00e9crire ce spectacle \u00e9norme. Apr\u00e8s ce vol \u00e9norme, nous atterrissons en douceur et au milieu de nulle part, on dresse une table de petit d\u00e9jeuner o\u00f9 l&rsquo;on sabre le champagne. <\/span><\/p>\n<p>&nbsp;<\/p>\n<p>&nbsp;<\/p>\n<p><span style=\"color: #000000; font-family: Calibri;\"><a href=\"http:\/\/mapatao.fr\/voyages\/wp-content\/uploads\/2015\/08\/big-daddy.jpg\"><img loading=\"lazy\" decoding=\"async\" class=\"size-medium wp-image-3281 alignleft\" src=\"http:\/\/mapatao.fr\/voyages\/wp-content\/uploads\/2015\/08\/big-daddy-300x225.jpg\" alt=\"\" width=\"300\" height=\"225\" srcset=\"https:\/\/mapatao.fr\/voyages\/wp-content\/uploads\/2015\/08\/big-daddy-300x225.jpg 300w, https:\/\/mapatao.fr\/voyages\/wp-content\/uploads\/2015\/08\/big-daddy.jpg 500w\" sizes=\"auto, (max-width: 300px) 100vw, 300px\" \/><\/a>Nous poursuivons notre d\u00e9couverte en 4X4 au c\u0153ur des dunes rouges les plus haute du monde (350m) qui bordent Sossusvlei. Oc\u00e9an de sable sur plus de 100km \u00e0 la ronde. \u00ab\u00a0Big Mama\u00a0\u00bb au nord et \u00ab\u00a0big daddy\u00a0\u00bb au sud sont les petits noms donn\u00e9s aux dunes dominant le paysage o\u00f9 tout n&rsquo;est que pur orange et rouge avec un ciel bleu. En empruntant un chemin p\u00e9destre, nous arrivons \u00e0 la Dead Vlei. Un paysage quasi mystique compos\u00e9 d&rsquo;arbres morts fig\u00e9s dans une cuvette blanche au milieu des dunes rouge orange. Le lieu est peu visit\u00e9, c&rsquo;est superbe. N&rsquo;oublions pas le Sesriem Canyon o\u00f9 l&rsquo;on marche dans une faille de plus de 30m de profondeur. On per\u00e7oit nos premiers serpents.<\/span><\/p>\n<p><strong><span style=\"font-family: Calibri;\">\u00a0<\/span><\/strong><strong><span style=\"font-family: Calibri;\">1er janvier 2010<\/span><\/strong><\/p>\n<p><span style=\"color: #000000; font-family: Calibri;\"><a href=\"http:\/\/mapatao.fr\/voyages\/wp-content\/uploads\/2015\/08\/flamingo_walvis_bay_web.jpg\"><img loading=\"lazy\" decoding=\"async\" class=\"size-medium wp-image-3286 alignleft\" src=\"http:\/\/mapatao.fr\/voyages\/wp-content\/uploads\/2015\/08\/flamingo_walvis_bay_web-300x200.jpg\" alt=\"\" width=\"300\" height=\"200\" srcset=\"https:\/\/mapatao.fr\/voyages\/wp-content\/uploads\/2015\/08\/flamingo_walvis_bay_web-300x200.jpg 300w, https:\/\/mapatao.fr\/voyages\/wp-content\/uploads\/2015\/08\/flamingo_walvis_bay_web.jpg 800w\" sizes=\"auto, (max-width: 300px) 100vw, 300px\" \/><\/a>Route interminable vers Swakopmound, ville baln\u00e9aire la plus courue de Namibie pour les vacanciers en qu\u00eate de fra\u00eecheur lors des grosses chaleurs Namibiennes. Effectivement nous passons de 40 \u00e0 15 degr\u00e9s. Swakopmound, ville coloniale plant\u00e9e de palmiers et jardins verdoyants, contrastant avec les seules couleurs du d\u00e9sert. L&rsquo;atlantique et le courant du Benguela, venant directement de l&rsquo;antarctique baignent la cote d&rsquo;une eau froide regorgeant d\u2019hu\u00eetres, de langoustes et de poissons. <\/span><\/p>\n<p><strong><span style=\"font-family: Calibri;\">2 janvier 2010<\/span><\/strong><\/p>\n<p><span style=\"color: #000000; font-family: Calibri;\"><a href=\"http:\/\/mapatao.fr\/voyages\/wp-content\/uploads\/2015\/08\/215_1560-Copie.jpg\"><img loading=\"lazy\" decoding=\"async\" class=\"size-medium wp-image-3250 alignleft\" src=\"http:\/\/mapatao.fr\/voyages\/wp-content\/uploads\/2015\/08\/215_1560-Copie-300x199.jpg\" alt=\"215_1560\" width=\"300\" height=\"199\" srcset=\"https:\/\/mapatao.fr\/voyages\/wp-content\/uploads\/2015\/08\/215_1560-Copie-300x199.jpg 300w, https:\/\/mapatao.fr\/voyages\/wp-content\/uploads\/2015\/08\/215_1560-Copie-1024x680.jpg 1024w, https:\/\/mapatao.fr\/voyages\/wp-content\/uploads\/2015\/08\/215_1560-Copie.jpg 2048w\" sizes=\"auto, (max-width: 300px) 100vw, 300px\" \/><\/a>Magnifique journ\u00e9e permettant de combiner d\u00e9couverte de l&rsquo;oc\u00e9an en bateau et une excursion en 4&#215;4 entre dunes et oc\u00e9an. D\u00e9part de Walvis Bay pour une croisi\u00e8re dans le lagon en passant par le port, la plate forme guano, les bateaux russes au large de la c\u00f4te. L\u00e0, les otaries viennent mendier du poisson jusqu&rsquo;\u00e0 monter \u00e0 bord. Puis nous arrivons sur la baie de Pelican Point, pointe de la p\u00e9ninsule o\u00f9 s&rsquo;est install\u00e9 une colonie d&rsquo;otaries \u00e0 fourrure du cap. On admire ce paysage, plage quasiment noire, recouverte d&rsquo;otarie, tout en appr\u00e9ciant moyennement l&rsquo;odeur. <\/span><\/p>\n<p><span style=\"color: #000000; font-family: Calibri;\">Les dauphins viennent jouer autour du bateau. La baie est habit\u00e9e par de nombreuses esp\u00e8ces d&rsquo;oiseaux telles que le p\u00e9licans ou encore les flamants roses, qui n&rsquo;ont rien de rose.<\/span><\/p>\n<p><span style=\"color: #000000; font-family: Calibri;\"><a href=\"http:\/\/mapatao.fr\/voyages\/wp-content\/uploads\/2015\/08\/215_1590-Copie.jpg\"><img loading=\"lazy\" decoding=\"async\" class=\"size-medium wp-image-3252 alignleft\" src=\"http:\/\/mapatao.fr\/voyages\/wp-content\/uploads\/2015\/08\/215_1590-Copie-300x199.jpg\" alt=\"215_1590\" width=\"300\" height=\"199\" srcset=\"https:\/\/mapatao.fr\/voyages\/wp-content\/uploads\/2015\/08\/215_1590-Copie-300x199.jpg 300w, https:\/\/mapatao.fr\/voyages\/wp-content\/uploads\/2015\/08\/215_1590-Copie-1024x680.jpg 1024w, https:\/\/mapatao.fr\/voyages\/wp-content\/uploads\/2015\/08\/215_1590-Copie.jpg 2048w\" sizes=\"auto, (max-width: 300px) 100vw, 300px\" \/><\/a>Puis d\u00e9barquement sur une plage o\u00f9 nos guides et v\u00e9hicules nous attendent. Route vers Sandwich Harbour, ballade \u00e0 pied entre dunes et oc\u00e9an. Le retour se fait par le delta de la Kuiseb o\u00f9 l&rsquo;on peut observer des sprinboks. <\/span><\/p>\n<p><strong><span style=\"font-family: Calibri;\">\u00a0<\/span><\/strong><\/p>\n<p>&nbsp;<\/p>\n<p>&nbsp;<\/p>\n<p><strong><span style=\"font-family: Calibri;\">3 janvier 2010<\/span><\/strong><\/p>\n<p><span style=\"color: #000000; font-family: Calibri;\">Changement de programme. Le pied de Mag est douloureux (ca tire avec les fils et la cicatrice gonfle) donc repos oblige. On zappe l&rsquo;\u00e9tape vers le Damaraland et restons une journ\u00e9e de plus \u00e0 Swakopmound<\/span><\/p>\n<p><strong><span style=\"font-family: Calibri;\">4 janvier 2010<\/span><\/strong><\/p>\n<p><span style=\"color: #000000; font-family: Calibri;\">Direction Erongo Lodge nich\u00e9 au c\u0153ur des montagnes Erongo \u00e0 10km \u00e0 peine de la petite ville de Omaruru. Lodge en totale harmonie avec l&rsquo;environnement caract\u00e9ris\u00e9 par un d\u00e9sert de granite avec d&rsquo;\u00e9normes blocs. Nous d\u00e9cidons de partir en safari, nouvelle exp\u00e9dition \u00e0 la d\u00e9couverte des animaux. Notre guide issu du peuple Damara tente d\u00e9sesp\u00e9r\u00e9ment de nous apprendre sa langue caract\u00e9ris\u00e9 par leurs fameux clics. Peine perdue, nous n&rsquo;arrivons m\u00eame pas \u00e0 sortir un son.<\/span><\/p>\n<p><span style=\"color: #000000; font-family: Calibri;\"><span style=\"font-family: Times New Roman; font-size: x-small;\"><img loading=\"lazy\" decoding=\"async\" class=\"size-medium wp-image-3254 alignleft\" src=\"http:\/\/mapatao.fr\/voyages\/wp-content\/uploads\/2015\/08\/216_1662-Copie-300x199.jpg\" alt=\"216_1662\" width=\"300\" height=\"199\" srcset=\"https:\/\/mapatao.fr\/voyages\/wp-content\/uploads\/2015\/08\/216_1662-Copie-300x199.jpg 300w, https:\/\/mapatao.fr\/voyages\/wp-content\/uploads\/2015\/08\/216_1662-Copie-1024x680.jpg 1024w, https:\/\/mapatao.fr\/voyages\/wp-content\/uploads\/2015\/08\/216_1662-Copie.jpg 2048w\" sizes=\"auto, (max-width: 300px) 100vw, 300px\" \/>L<\/span>a nuit sous la tente est un peu mouvement\u00e9e. Les singes tentent de rentrer et font un tel boucan, que je n&rsquo;entends plus les ronflements de Bruno. C&rsquo;est un comble !<\/span><\/p>\n<p>&nbsp;<\/p>\n<p>&nbsp;<\/p>\n<p>&nbsp;<\/p>\n<p><span style=\"color: #000000; font-family: Times New Roman; font-size: small;\">\u00a0<\/span><span style=\"color: #000000; font-family: Calibri;\"><strong>5\u00a0janvier 2010<\/strong><\/span><\/p>\n<p><span style=\"color: #000000; font-family: Calibri;\">Omaruru\/Windhoeck. D\u00e9tente \u00e0 Gocheganas situ\u00e9 sur un promontoire surplombant la r\u00e9serve. M\u00e9lange de vie sauvage, de nature et de bien-\u00eatre.<\/span><\/p>\n<p><strong>6 janvier 2010<\/strong><\/p>\n<p><span style=\"color: #000000; font-family: Calibri;\">Direction vers l\u2019a\u00e9roport et vol vers Victoria Falls pour une d\u00e9couverte du Botswana et du Zimbabwe. Apr\u00e8s notre installation dans notre magnifique tente, d\u00e9part avec notre guide pour un safari dans le parc national de Chobe (Botswana). Il pr\u00e9sente \u00e0 lui seul tous les types de paysages : plaines inondables, d\u00e9pressions sablonneuses, prairies et d\u00e9sert de type Kalahari.<\/span><\/p>\n<p><span style=\"color: #000000; font-family: Times New Roman; font-size: small;\"><span style=\"color: #000000; font-family: Calibri;\"><a href=\"http:\/\/mapatao.fr\/voyages\/wp-content\/uploads\/2015\/08\/219_1988-Copie.jpg\"><img loading=\"lazy\" decoding=\"async\" class=\"size-medium wp-image-3272 alignleft\" src=\"http:\/\/mapatao.fr\/voyages\/wp-content\/uploads\/2015\/08\/219_1988-Copie-300x199.jpg\" alt=\"219_1988\" width=\"300\" height=\"199\" srcset=\"https:\/\/mapatao.fr\/voyages\/wp-content\/uploads\/2015\/08\/219_1988-Copie-300x199.jpg 300w, https:\/\/mapatao.fr\/voyages\/wp-content\/uploads\/2015\/08\/219_1988-Copie-1024x680.jpg 1024w, https:\/\/mapatao.fr\/voyages\/wp-content\/uploads\/2015\/08\/219_1988-Copie.jpg 2048w\" sizes=\"auto, (max-width: 300px) 100vw, 300px\" \/><\/a><\/span><\/span><span style=\"color: #000000; font-family: Calibri;\">Le parc s\u2019\u00e9tend sur 1.1 millions d\u2019hectares et porte le nom de la rivi\u00e8re Chobe, connue sous d\u2019autres noms et formant alors une fronti\u00e8re irr\u00e9guli\u00e8re entre le Botswana et la r\u00e9gion de Caprivi Strip en Namibie. La r\u00e9gion de Chobe offre une importante vari\u00e9t\u00e9 d\u2019habitats aux troupeaux d\u2019\u00e9l\u00e9phants (on estime \u00e0 73.000 le cheptel de Chobe, avec des troupeaux pouvant atteindre jusqu\u2019\u00e0 500 t\u00eates), de buffles et de z\u00e8bres. Riche en gibiers le parc constitue un excellent garde-manger pour les pr\u00e9dateurs tels que le lion, l\u00e9opard, gu\u00e9pard, hy\u00e8ne et le lycaon. Une journ\u00e9e de safari ne suffit pas pour s&rsquo;en prendre plein les yeux, mitrailler de photos et \u00eatre attendris par un b\u00e9b\u00e9 \u00e9l\u00e9phant qui fait un vol plan\u00e9, eh oui!<\/span><\/p>\n<p><strong><span style=\"font-family: Calibri;\">7 janvier 2010<\/span><\/strong><\/p>\n<p><span style=\"color: #000000; font-family: Times New Roman; font-size: small;\"><a href=\"http:\/\/mapatao.fr\/voyages\/wp-content\/uploads\/2015\/08\/218_1895-Copie.jpg\"><img loading=\"lazy\" decoding=\"async\" class=\"size-medium wp-image-3265 alignleft\" src=\"http:\/\/mapatao.fr\/voyages\/wp-content\/uploads\/2015\/08\/218_1895-Copie-300x199.jpg\" alt=\"218_1895\" width=\"300\" height=\"199\" srcset=\"https:\/\/mapatao.fr\/voyages\/wp-content\/uploads\/2015\/08\/218_1895-Copie-300x199.jpg 300w, https:\/\/mapatao.fr\/voyages\/wp-content\/uploads\/2015\/08\/218_1895-Copie-1024x680.jpg 1024w, https:\/\/mapatao.fr\/voyages\/wp-content\/uploads\/2015\/08\/218_1895-Copie.jpg 2048w\" sizes=\"auto, (max-width: 300px) 100vw, 300px\" \/><\/a><\/span><span style=\"color: #000000;\"><span style=\"font-family: Calibri;\">Safari croisi\u00e8re sur le Okavango avec un ranger. Imaginez un fleuve qui ne trouve jamais la mer&#8230; mais qui se perd dans l&rsquo;immensit\u00e9 d&rsquo;un d\u00e9sert. Un delta gigantesque de m\u00e9andres de canaux, d&rsquo;\u00eelots, peupl\u00e9 de crocodiles, d&rsquo;hippopotames&#8230; L&rsquo;Okavango se faufile dans le d\u00e9sert, tel un ruban vert porteur de vie, d&rsquo;exub\u00e9rance, au c\u0153ur d&rsquo;une des r\u00e9gions les plus arides de la plan\u00e8te. C&rsquo;est chose faite, nous avons pass\u00e9 une nuit au c\u0153ur des marais, berc\u00e9s par les grognements des hippos, les barrissements des \u00e9l\u00e9phants, les singes &#8230; et surement les serpents (mais on ne les a pas vus). Rien de tel qu&rsquo;un sifflet dans la tente pour vous rassurer, c&rsquo;est \u00e9vident !<\/span><\/span><\/p>\n<p><strong><span style=\"font-family: Calibri;\">8 janvier 2010<\/span><\/strong><\/p>\n<p><span style=\"color: #000000;\"><span style=\"font-family: Calibri;\"><a href=\"http:\/\/mapatao.fr\/voyages\/wp-content\/uploads\/2015\/08\/220_2058.jpg\"><img loading=\"lazy\" decoding=\"async\" class=\"size-medium wp-image-3274 alignleft\" src=\"http:\/\/mapatao.fr\/voyages\/wp-content\/uploads\/2015\/08\/220_2058-300x199.jpg\" alt=\"220_2058\" width=\"300\" height=\"199\" srcset=\"https:\/\/mapatao.fr\/voyages\/wp-content\/uploads\/2015\/08\/220_2058-300x199.jpg 300w, https:\/\/mapatao.fr\/voyages\/wp-content\/uploads\/2015\/08\/220_2058-1024x680.jpg 1024w, https:\/\/mapatao.fr\/voyages\/wp-content\/uploads\/2015\/08\/220_2058.jpg 2048w\" sizes=\"auto, (max-width: 300px) 100vw, 300px\" \/><\/a>Dernier safari et direction le Zimbabwe pays enclav\u00e9 au c\u0153ur de l&rsquo;Afrique austral qui rassemble \u00e0 lui seul, bien des particularit\u00e9s. Et s&rsquo;il ne manque qu&rsquo;une mer, le Zamb\u00e8ze y rem\u00e9die. Ce fleuve a dot\u00e9 le Zimbabwe d&rsquo;une merveille du monde naturel : les chutes Victoria. Aucune description n&rsquo;est \u00e0 la hauteur du spectacle, il faut avoir vu, entendu et senti \u00ab\u00a0Mosi-oa-Tunya\u00a0\u00bb, la fum\u00e9e qui tonne. Des millions de litres d&rsquo;eau du Zamb\u00e8ze s&rsquo;engouffrent \u00e0 chaque seconde dans cette faille de 1708 m\u00e8tres pour se fracasser dans un bruit de tonnerre 103 m\u00e8tres plus bas, avant de poursuivre leur chemin sinueux vers le lac Kariba. On entend gronder les chutes \u00e0 plusieurs kilom\u00e8tres.<\/span><\/span><\/p>\n<p><strong><span style=\"font-family: Calibri;\">9 janvier 2010<\/span><\/strong><\/p>\n<p><span style=\"color: #000000;\"><span style=\"font-family: Calibri;\"><a href=\"http:\/\/mapatao.fr\/voyages\/wp-content\/uploads\/2015\/08\/SANY0452.jpg\"><img loading=\"lazy\" decoding=\"async\" class=\"size-medium wp-image-3214 alignleft\" src=\"http:\/\/mapatao.fr\/voyages\/wp-content\/uploads\/2015\/08\/SANY0452-300x169.jpg\" alt=\"\" width=\"300\" height=\"169\" srcset=\"https:\/\/mapatao.fr\/voyages\/wp-content\/uploads\/2015\/08\/SANY0452-300x169.jpg 300w, https:\/\/mapatao.fr\/voyages\/wp-content\/uploads\/2015\/08\/SANY0452-1024x577.jpg 1024w\" sizes=\"auto, (max-width: 300px) 100vw, 300px\" \/><\/a>6h30 d\u00e9part pour un safari \u00e0 dos d&rsquo;\u00e9l\u00e9phant. Rencontre avec les \u00e9l\u00e9phants en apprenant leur histoire. Leur taille impose le respect, leur intelligence fascine, leur regard capte l\u2019attention. Rien qu&rsquo;en lui donnant \u00e0 manger, il aspire notre main, effet impressionnant. Sa marche et son rythme zen, procure une vraie sensation d&rsquo;harmonie avec la nature.<\/span><\/span><\/p>\n<p>&nbsp;<\/p>\n<p>&nbsp;<\/p>\n<p><span style=\"color: #000000;\"><span style=\"font-family: Calibri;\"><a href=\"http:\/\/mapatao.fr\/voyages\/wp-content\/uploads\/2015\/08\/221_2107.jpg\"><img loading=\"lazy\" decoding=\"async\" class=\"size-medium wp-image-3213 alignleft\" src=\"http:\/\/mapatao.fr\/voyages\/wp-content\/uploads\/2015\/08\/221_2107-300x199.jpg\" alt=\"221_2107\" width=\"300\" height=\"199\" srcset=\"https:\/\/mapatao.fr\/voyages\/wp-content\/uploads\/2015\/08\/221_2107-300x199.jpg 300w, https:\/\/mapatao.fr\/voyages\/wp-content\/uploads\/2015\/08\/221_2107-1024x680.jpg 1024w, https:\/\/mapatao.fr\/voyages\/wp-content\/uploads\/2015\/08\/221_2107.jpg 2048w\" sizes=\"auto, (max-width: 300px) 100vw, 300px\" \/><\/a>14h, marcher avec les lions aux c\u00f4t\u00e9s de l&rsquo;association \u00ab\u00a0Alert\u00a0\u00bb qui travaille \u00e0 leur r\u00e9introduction dans la nature. Assez incroyable et impressionnant. Les photos vous parleront mieux &#8230;<\/span><\/span><\/p>\n<p>&nbsp;<\/p>\n<p>&nbsp;<\/p>\n<p>&nbsp;<\/p>\n<p><strong><span style=\"font-family: Calibri;\">10 janvier 2010<\/span><\/strong><\/p>\n<p><span style=\"color: #000000;\"><span style=\"font-family: Calibri;\">Retour en France en passant par Johannesburg<\/span><\/span><\/p>\n<p><span style=\"color: #000000;\"><span style=\"font-family: Calibri;\">Fin d&rsquo;un magnifique voyage<\/span><\/span><\/p>\n<p><span style=\"color: #000000;\"><span style=\"font-family: Calibri;\">Voyage r\u00e9alis\u00e9 avec XO africa<\/span><\/span><\/p>\n","protected":false},"excerpt":{"rendered":"<p>Namibie, Botswana, Zimbabwe Du 28 d\u00e9cembre 2009 au 10 janvier 2010 28 d\u00e9cembre 2009 Arriv\u00e9e \u00e0 Windhoek, capitale de la Namibie.Prise en main de notre v\u00e9hicule et c&rsquo;est partie pour l&rsquo;aventure africaine. D\u00e9couverte de la ville, petite capitale, aux allures allemandes qui constitue tant par sa position g\u00e9ographique que par son importance, le centre n\u00e9vralgique<\/p>\n","protected":false},"author":1,"featured_media":0,"parent":11,"menu_order":0,"comment_status":"open","ping_status":"closed","template":"","meta":{"jetpack_post_was_ever_published":false,"footnotes":""},"class_list":["post-209","page","type-page","status-publish","hentry"],"jetpack_sharing_enabled":true,"jetpack_shortlink":"https:\/\/wp.me\/P6Bpot-3n","jetpack_likes_enabled":true,"_links":{"self":[{"href":"https:\/\/mapatao.fr\/voyages\/index.php?rest_route=\/wp\/v2\/pages\/209","targetHints":{"allow":["GET"]}}],"collection":[{"href":"https:\/\/mapatao.fr\/voyages\/index.php?rest_route=\/wp\/v2\/pages"}],"about":[{"href":"https:\/\/mapatao.fr\/voyages\/index.php?rest_route=\/wp\/v2\/types\/page"}],"author":[{"embeddable":true,"href":"https:\/\/mapatao.fr\/voyages\/index.php?rest_route=\/wp\/v2\/users\/1"}],"replies":[{"embeddable":true,"href":"https:\/\/mapatao.fr\/voyages\/index.php?rest_route=%2Fwp%2Fv2%2Fcomments&post=209"}],"version-history":[{"count":2,"href":"https:\/\/mapatao.fr\/voyages\/index.php?rest_route=\/wp\/v2\/pages\/209\/revisions"}],"predecessor-version":[{"id":4134,"href":"https:\/\/mapatao.fr\/voyages\/index.php?rest_route=\/wp\/v2\/pages\/209\/revisions\/4134"}],"up":[{"embeddable":true,"href":"https:\/\/mapatao.fr\/voyages\/index.php?rest_route=\/wp\/v2\/pages\/11"}],"wp:attachment":[{"href":"https:\/\/mapatao.fr\/voyages\/index.php?rest_route=%2Fwp%2Fv2%2Fmedia&parent=209"}],"curies":[{"name":"wp","href":"https:\/\/api.w.org\/{rel}","templated":true}]}}