{"id":21,"date":"2012-06-28T14:53:42","date_gmt":"2012-06-28T14:53:42","guid":{"rendered":"http:\/\/mapatao.free.fr\/?page_id=21"},"modified":"2015-08-17T07:36:39","modified_gmt":"2015-08-17T07:36:39","slug":"cili-ile-de-paques","status":"publish","type":"page","link":"https:\/\/mapatao.fr\/voyages\/?page_id=21","title":{"rendered":"Chili, Ile de Paques (2010)"},"content":{"rendered":"<p><a href=\"http:\/\/mapatao.fr\/voyages\/wp-content\/uploads\/2012\/06\/chili-jaquette.jpg\"><img loading=\"lazy\" decoding=\"async\" class=\" size-medium wp-image-2585 alignleft\" src=\"http:\/\/mapatao.fr\/voyages\/wp-content\/uploads\/2012\/06\/chili-jaquette-207x300.jpg\" alt=\"chili jaquette\" width=\"207\" height=\"300\" srcset=\"https:\/\/mapatao.fr\/voyages\/wp-content\/uploads\/2012\/06\/chili-jaquette-207x300.jpg 207w, https:\/\/mapatao.fr\/voyages\/wp-content\/uploads\/2012\/06\/chili-jaquette-708x1024.jpg 708w, https:\/\/mapatao.fr\/voyages\/wp-content\/uploads\/2012\/06\/chili-jaquette.jpg 845w\" sizes=\"auto, (max-width: 207px) 100vw, 207px\" \/><\/a><strong>Du 10 au 25 D\u00e9cembre 2010 <\/strong><\/p>\n<p>Le spectacle des paysages sauvages du Chili est d\u2019une incroyable diversit\u00e9 et d\u2019une tr\u00e8s grande beaut\u00e9.\u00a0Du d\u00e9sert d\u2019Atacama, au nord du Chili, et ses <em>salares<\/em> parsem\u00e9s de flamants roses,\u00a0\u00e0 la barri\u00e8re des Andres dressant sa herse grandiose et ponctu\u00e9e de volcans aux c\u00f4nes enneig\u00e9s au-dessus des lacs de l&rsquo;altiplano, sans oublier les vastes steppes, fjords et glaciers de ces terres du bout du monde que sont la Patagonie et la Terre de Feu.<\/p>\n<p>A 4h de vol du Chili, nous n&rsquo;oublierons jamais le d\u00e9tour fascinant sur l\u2019\u00eele de P\u00e2ques (\u00eele de Rapa Nui, nom officiel)\u00a0une terre capable de soulever l\u2019\u00e9motion \u00e0 chaque moment. Il y a peu d\u2019endroits au monde o\u00f9 l\u2019on ressent sur une surface aussi r\u00e9duite la force et la richesse d\u2019une civilisation.<\/p>\n<p>&nbsp;<\/p>\n<ul>\n<li>SANTIAGO<\/li>\n<li>ILE DE PAQUES<\/li>\n<li>PUERTO MONTT<\/li>\n<li>PETROHUE<\/li>\n<li>ILE DE CHILOE<\/li>\n<li>FRUTILLAR<\/li>\n<li>SAN PEDRO DE ATACAMA<\/li>\n<li>VALPARAISO<\/li>\n<\/ul>\n<p><em>Ce voyage a \u00e9t\u00e9 con\u00e7u avec l&rsquo;aide de Chili Excepcion<\/em><\/p>\n","protected":false},"excerpt":{"rendered":"<p>Du 10 au 25 D\u00e9cembre 2010 Le spectacle des paysages sauvages du Chili est d\u2019une incroyable diversit\u00e9 et d\u2019une tr\u00e8s grande beaut\u00e9.\u00a0Du d\u00e9sert d\u2019Atacama, au nord du Chili, et ses salares parsem\u00e9s de flamants roses,\u00a0\u00e0 la barri\u00e8re des Andres dressant sa herse grandiose et ponctu\u00e9e de volcans aux c\u00f4nes enneig\u00e9s au-dessus des lacs de l&rsquo;altiplano,<\/p>\n","protected":false},"author":1,"featured_media":0,"parent":2337,"menu_order":12,"comment_status":"open","ping_status":"closed","template":"","meta":{"jetpack_post_was_ever_published":false,"footnotes":""},"class_list":["post-21","page","type-page","status-publish","hentry"],"jetpack_sharing_enabled":true,"jetpack_shortlink":"https:\/\/wp.me\/P6Bpot-l","jetpack_likes_enabled":true,"_links":{"self":[{"href":"https:\/\/mapatao.fr\/voyages\/index.php?rest_route=\/wp\/v2\/pages\/21","targetHints":{"allow":["GET"]}}],"collection":[{"href":"https:\/\/mapatao.fr\/voyages\/index.php?rest_route=\/wp\/v2\/pages"}],"about":[{"href":"https:\/\/mapatao.fr\/voyages\/index.php?rest_route=\/wp\/v2\/types\/page"}],"author":[{"embeddable":true,"href":"https:\/\/mapatao.fr\/voyages\/index.php?rest_route=\/wp\/v2\/users\/1"}],"replies":[{"embeddable":true,"href":"https:\/\/mapatao.fr\/voyages\/index.php?rest_route=%2Fwp%2Fv2%2Fcomments&post=21"}],"version-history":[{"count":2,"href":"https:\/\/mapatao.fr\/voyages\/index.php?rest_route=\/wp\/v2\/pages\/21\/revisions"}],"predecessor-version":[{"id":2586,"href":"https:\/\/mapatao.fr\/voyages\/index.php?rest_route=\/wp\/v2\/pages\/21\/revisions\/2586"}],"up":[{"embeddable":true,"href":"https:\/\/mapatao.fr\/voyages\/index.php?rest_route=\/wp\/v2\/pages\/2337"}],"wp:attachment":[{"href":"https:\/\/mapatao.fr\/voyages\/index.php?rest_route=%2Fwp%2Fv2%2Fmedia&parent=21"}],"curies":[{"name":"wp","href":"https:\/\/api.w.org\/{rel}","templated":true}]}}