{"id":2426,"date":"2015-07-07T08:16:54","date_gmt":"2015-07-07T08:16:54","guid":{"rendered":"http:\/\/mapatao.free.fr\/?page_id=2426"},"modified":"2015-08-17T07:09:39","modified_gmt":"2015-08-17T07:09:39","slug":"portugal-2","status":"publish","type":"page","link":"https:\/\/mapatao.fr\/voyages\/?page_id=2426","title":{"rendered":"Portugal (2014)"},"content":{"rendered":"<p>Le Portugal \u00e9tonne par sa diversit\u00e9 et par la richesse des d\u00e9couvertes que l&rsquo;on y fait. Le pays rec\u00e8le des quantit\u00e9s d&rsquo;endroits propres \u00e0 \u00e9merveiller les curieux. Ruelles pav\u00e9es \u00e0 l&rsquo;ombre des ch\u00e2teaux, villages authentiques, cit\u00e9s envo\u00fbtantes, sable dor\u00e9&#8230; cette terre baigne de soleil et r\u00e9serve bien des surprises.<\/p>\n<p>Pour notre premi\u00e8re d\u00e9couverte, nous passerons 4 jours \u00e0 Lisboa pour ensuite descendre 15 jours dans l&rsquo;Algarve et revenir \u00e0 la Serra de Sintra.<\/p>\n<p><strong>Lisboa (juillet 2014)<\/strong><\/p>\n<ul>\n<li>Praca de Dom Pedro IV<\/li>\n<li>Praca do Com\u00e9rcio<\/li>\n<li>Quartier du Chiado pour l&rsquo;architecture<\/li>\n<li>Ascenseur de Santa justa (vu panoramique superbe)<\/li>\n<li>Le Bairro Alto pour les folles nuits lisbo\u00e8tes<\/li>\n<li>L&rsquo;Alfama et toute l&rsquo;\u00eame du portugaise<\/li>\n<li>le parc des nations (l&rsquo;exposition universelle de 1998)<\/li>\n<li>le pont Vasco de Gama<\/li>\n<li>le quartier du Belem<\/li>\n<li>le tramway typique n\u00b028<\/li>\n<li>etc.<\/li>\n<\/ul>\n<p><strong>L&rsquo;Algarve (juillet 2014)<\/strong><\/p>\n<ul>\n<li>Faro<\/li>\n<li>Olhao avec les \u00eeles de Fuzeta et Culatra<\/li>\n<li>Tavira, la ville aux mille et unes \u00e9glises<\/li>\n<li>Lagos et la ponta da Piedade<\/li>\n<li>Monchique (l&rsquo;int\u00e9rieur des terres)<\/li>\n<li>Le cap Saint vincent, pointe mytique<\/li>\n<li>Sagres<\/li>\n<li>etc.<\/li>\n<\/ul>\n<p>&nbsp;<\/p>\n<p>&nbsp;<\/p>\n<p>&nbsp;<\/p>\n<p>&nbsp;<\/p>\n","protected":false},"excerpt":{"rendered":"<p>Le Portugal \u00e9tonne par sa diversit\u00e9 et par la richesse des d\u00e9couvertes que l&rsquo;on y fait. Le pays rec\u00e8le des quantit\u00e9s d&rsquo;endroits propres \u00e0 \u00e9merveiller les curieux. Ruelles pav\u00e9es \u00e0 l&rsquo;ombre des ch\u00e2teaux, villages authentiques, cit\u00e9s envo\u00fbtantes, sable dor\u00e9&#8230; cette terre baigne de soleil et r\u00e9serve bien des surprises. Pour notre premi\u00e8re d\u00e9couverte, nous passerons<\/p>\n","protected":false},"author":1,"featured_media":0,"parent":2337,"menu_order":0,"comment_status":"open","ping_status":"closed","template":"","meta":{"jetpack_post_was_ever_published":false,"footnotes":""},"class_list":["post-2426","page","type-page","status-publish","hentry"],"jetpack_sharing_enabled":true,"jetpack_shortlink":"https:\/\/wp.me\/P6Bpot-D8","jetpack_likes_enabled":true,"_links":{"self":[{"href":"https:\/\/mapatao.fr\/voyages\/index.php?rest_route=\/wp\/v2\/pages\/2426","targetHints":{"allow":["GET"]}}],"collection":[{"href":"https:\/\/mapatao.fr\/voyages\/index.php?rest_route=\/wp\/v2\/pages"}],"about":[{"href":"https:\/\/mapatao.fr\/voyages\/index.php?rest_route=\/wp\/v2\/types\/page"}],"author":[{"embeddable":true,"href":"https:\/\/mapatao.fr\/voyages\/index.php?rest_route=\/wp\/v2\/users\/1"}],"replies":[{"embeddable":true,"href":"https:\/\/mapatao.fr\/voyages\/index.php?rest_route=%2Fwp%2Fv2%2Fcomments&post=2426"}],"version-history":[{"count":1,"href":"https:\/\/mapatao.fr\/voyages\/index.php?rest_route=\/wp\/v2\/pages\/2426\/revisions"}],"predecessor-version":[{"id":2570,"href":"https:\/\/mapatao.fr\/voyages\/index.php?rest_route=\/wp\/v2\/pages\/2426\/revisions\/2570"}],"up":[{"embeddable":true,"href":"https:\/\/mapatao.fr\/voyages\/index.php?rest_route=\/wp\/v2\/pages\/2337"}],"wp:attachment":[{"href":"https:\/\/mapatao.fr\/voyages\/index.php?rest_route=%2Fwp%2Fv2%2Fmedia&parent=2426"}],"curies":[{"name":"wp","href":"https:\/\/api.w.org\/{rel}","templated":true}]}}