{"id":2604,"date":"2015-08-17T08:49:42","date_gmt":"2015-08-17T08:49:42","guid":{"rendered":"http:\/\/mapatao.fr\/voyages\/?page_id=2604"},"modified":"2015-08-17T08:49:42","modified_gmt":"2015-08-17T08:49:42","slug":"italie-2015","status":"publish","type":"page","link":"https:\/\/mapatao.fr\/voyages\/?page_id=2604","title":{"rendered":"Italie (2015)"},"content":{"rendered":"<p><a href=\"http:\/\/mapatao.fr\/voyages\/wp-content\/uploads\/2015\/08\/vespa1b_portfolio_2015.jpg\"><img loading=\"lazy\" decoding=\"async\" class=\" size-medium wp-image-2605 alignleft\" src=\"http:\/\/mapatao.fr\/voyages\/wp-content\/uploads\/2015\/08\/vespa1b_portfolio_2015-300x169.jpg\" alt=\"vespa1b_portfolio_2015\" width=\"300\" height=\"169\" srcset=\"https:\/\/mapatao.fr\/voyages\/wp-content\/uploads\/2015\/08\/vespa1b_portfolio_2015-300x169.jpg 300w, https:\/\/mapatao.fr\/voyages\/wp-content\/uploads\/2015\/08\/vespa1b_portfolio_2015-1024x576.jpg 1024w, https:\/\/mapatao.fr\/voyages\/wp-content\/uploads\/2015\/08\/vespa1b_portfolio_2015.jpg 1920w\" sizes=\"auto, (max-width: 300px) 100vw, 300px\" \/><\/a><strong>Viva Italia (\u00e9t\u00e9 2015)<\/strong><\/p>\n<p>&#8211; Les lacs Italiens : Les bateaux de p\u00eache se balancent dans des petites criques, les \u00e9glises rustiques s&rsquo;agrippent \u00e0 flanc de falaises et de magnifiques villas et jardins bordent les rives des lacs.<\/p>\n<p>&#8211; Les cinq terres : une eau\u00a0cristalline, des falaises qui plongent dans la mer, des villages accroch\u00e9s aux rochers et des terrasses taill\u00e9es dans les montagnes qui se dressent derri\u00e8re la c\u00f4te. Voil\u00e0 se que composent le paysage des \u00ab\u00a0cinque terres\u00a0\u00bb class\u00e9 au patrimoine de l&rsquo;Unesco.<\/p>\n","protected":false},"excerpt":{"rendered":"<p>Viva Italia (\u00e9t\u00e9 2015) &#8211; Les lacs Italiens : Les bateaux de p\u00eache se balancent dans des petites criques, les \u00e9glises rustiques s&rsquo;agrippent \u00e0 flanc de falaises et de magnifiques villas et jardins bordent les rives des lacs. &#8211; Les cinq terres : une eau\u00a0cristalline, des falaises qui plongent dans la mer, des villages accroch\u00e9s<\/p>\n","protected":false},"author":1,"featured_media":2605,"parent":2337,"menu_order":0,"comment_status":"open","ping_status":"open","template":"","meta":{"jetpack_post_was_ever_published":false,"footnotes":""},"class_list":["post-2604","page","type-page","status-publish","has-post-thumbnail","hentry"],"jetpack_sharing_enabled":true,"jetpack_shortlink":"https:\/\/wp.me\/P6Bpot-G0","jetpack_likes_enabled":true,"_links":{"self":[{"href":"https:\/\/mapatao.fr\/voyages\/index.php?rest_route=\/wp\/v2\/pages\/2604","targetHints":{"allow":["GET"]}}],"collection":[{"href":"https:\/\/mapatao.fr\/voyages\/index.php?rest_route=\/wp\/v2\/pages"}],"about":[{"href":"https:\/\/mapatao.fr\/voyages\/index.php?rest_route=\/wp\/v2\/types\/page"}],"author":[{"embeddable":true,"href":"https:\/\/mapatao.fr\/voyages\/index.php?rest_route=\/wp\/v2\/users\/1"}],"replies":[{"embeddable":true,"href":"https:\/\/mapatao.fr\/voyages\/index.php?rest_route=%2Fwp%2Fv2%2Fcomments&post=2604"}],"version-history":[{"count":1,"href":"https:\/\/mapatao.fr\/voyages\/index.php?rest_route=\/wp\/v2\/pages\/2604\/revisions"}],"predecessor-version":[{"id":2606,"href":"https:\/\/mapatao.fr\/voyages\/index.php?rest_route=\/wp\/v2\/pages\/2604\/revisions\/2606"}],"up":[{"embeddable":true,"href":"https:\/\/mapatao.fr\/voyages\/index.php?rest_route=\/wp\/v2\/pages\/2337"}],"wp:featuredmedia":[{"embeddable":true,"href":"https:\/\/mapatao.fr\/voyages\/index.php?rest_route=\/wp\/v2\/media\/2605"}],"wp:attachment":[{"href":"https:\/\/mapatao.fr\/voyages\/index.php?rest_route=%2Fwp%2Fv2%2Fmedia&parent=2604"}],"curies":[{"name":"wp","href":"https:\/\/api.w.org\/{rel}","templated":true}]}}