{"id":27,"date":"2012-06-28T14:55:08","date_gmt":"2012-06-28T14:55:08","guid":{"rendered":"http:\/\/mapatao.free.fr\/?page_id=27"},"modified":"2016-08-09T17:42:44","modified_gmt":"2016-08-09T17:42:44","slug":"stockholm","status":"publish","type":"page","link":"https:\/\/mapatao.fr\/voyages\/?page_id=27","title":{"rendered":"Stockholm (2011)"},"content":{"rendered":"<p><strong>D\u00e9cembre 2011<\/strong><\/p>\n<p>Ville d&rsquo;\u00eeles, capitale des eaux, Stockholm nous offre un spectacle aux contrastes puissants. Architecture \u00e9l\u00e9gante, color\u00e9e et h\u00e9t\u00e9roclite, verdure, ruelles \u00e9troites m\u00e9di\u00e9vales, style baroque&#8230; tout se m\u00e9lange subtilement.<\/p>\n<iframe loading=\"lazy\" src=\"http:\/\/player.vimeo.com\/video\/47708733\" width=\"640\" height=\"480\" frameborder=\"0\" webkitAllowFullScreen mozallowfullscreen allowFullScreen><\/iframe>\n","protected":false},"excerpt":{"rendered":"<p>D\u00e9cembre 2011 Ville d&rsquo;\u00eeles, capitale des eaux, Stockholm nous offre un spectacle aux contrastes puissants. Architecture \u00e9l\u00e9gante, color\u00e9e et h\u00e9t\u00e9roclite, verdure, ruelles \u00e9troites m\u00e9di\u00e9vales, style baroque&#8230; tout se m\u00e9lange subtilement.<\/p>\n","protected":false},"author":1,"featured_media":0,"parent":23,"menu_order":0,"comment_status":"open","ping_status":"closed","template":"","meta":{"jetpack_post_was_ever_published":false,"footnotes":""},"class_list":["post-27","page","type-page","status-publish","hentry"],"jetpack_sharing_enabled":true,"jetpack_shortlink":"https:\/\/wp.me\/P6Bpot-r","jetpack_likes_enabled":true,"_links":{"self":[{"href":"https:\/\/mapatao.fr\/voyages\/index.php?rest_route=\/wp\/v2\/pages\/27","targetHints":{"allow":["GET"]}}],"collection":[{"href":"https:\/\/mapatao.fr\/voyages\/index.php?rest_route=\/wp\/v2\/pages"}],"about":[{"href":"https:\/\/mapatao.fr\/voyages\/index.php?rest_route=\/wp\/v2\/types\/page"}],"author":[{"embeddable":true,"href":"https:\/\/mapatao.fr\/voyages\/index.php?rest_route=\/wp\/v2\/users\/1"}],"replies":[{"embeddable":true,"href":"https:\/\/mapatao.fr\/voyages\/index.php?rest_route=%2Fwp%2Fv2%2Fcomments&post=27"}],"version-history":[{"count":6,"href":"https:\/\/mapatao.fr\/voyages\/index.php?rest_route=\/wp\/v2\/pages\/27\/revisions"}],"predecessor-version":[{"id":4038,"href":"https:\/\/mapatao.fr\/voyages\/index.php?rest_route=\/wp\/v2\/pages\/27\/revisions\/4038"}],"up":[{"embeddable":true,"href":"https:\/\/mapatao.fr\/voyages\/index.php?rest_route=\/wp\/v2\/pages\/23"}],"wp:attachment":[{"href":"https:\/\/mapatao.fr\/voyages\/index.php?rest_route=%2Fwp%2Fv2%2Fmedia&parent=27"}],"curies":[{"name":"wp","href":"https:\/\/api.w.org\/{rel}","templated":true}]}}