{"id":29,"date":"2012-06-28T14:55:30","date_gmt":"2012-06-28T14:55:30","guid":{"rendered":"http:\/\/mapatao.free.fr\/?page_id=29"},"modified":"2015-08-27T17:21:35","modified_gmt":"2015-08-27T17:21:35","slug":"iralande-de-louest","status":"publish","type":"page","link":"https:\/\/mapatao.fr\/voyages\/?page_id=29","title":{"rendered":"Carnet de route Irlande"},"content":{"rendered":"<div class=\"copy-paste-block\"><strong><span style=\"font-family: Calibri;\"><a href=\"http:\/\/mapatao.fr\/voyages\/wp-content\/uploads\/2015\/08\/IMG_0115.jpg\"><img loading=\"lazy\" decoding=\"async\" class=\"alignnone size-medium wp-image-3648\" src=\"http:\/\/mapatao.fr\/voyages\/wp-content\/uploads\/2015\/08\/IMG_0115-300x200.jpg\" alt=\"IMG_0115\" width=\"300\" height=\"200\" srcset=\"https:\/\/mapatao.fr\/voyages\/wp-content\/uploads\/2015\/08\/IMG_0115-300x200.jpg 300w, https:\/\/mapatao.fr\/voyages\/wp-content\/uploads\/2015\/08\/IMG_0115-1024x683.jpg 1024w\" sizes=\"auto, (max-width: 300px) 100vw, 300px\" \/><\/a><\/span><\/strong><\/div>\n<div class=\"copy-paste-block\"><strong><span style=\"font-family: Calibri;\">Du 14 au 21 juillet 2011<\/span><\/strong><\/div>\n<p><span style=\"color: #000000; font-family: Calibri;\">Arriv\u00e9e \u00e0 Shannon. On r\u00e9cup\u00e8re notre v\u00e9hicule et c&rsquo;est parti.<\/span><\/p>\n<p><span style=\"color: #000000; font-family: Calibri;\">Il fait frais mais le soleil est un peu au RDV pour visiter Limerick, 3\u00e8me grand ville d&rsquo;Irlande apr\u00e8s Dublin et Cork. Ballade autour du ch\u00e2teau, d\u00e9couverte de la ville &#8230;<\/span><\/p>\n<p><strong><span style=\"font-family: Calibri;\">15 juillet 2011<\/span><\/strong><\/p>\n<p><span style=\"color: #000000; font-family: Calibri;\">Route vers Killarney. La ville de Killarney est situ\u00e9e au creux d&rsquo;une vall\u00e9e bordant les Macgillycuddy&rsquo;s Reeks, au bord des lacs de Killarney. Elle constitue l&rsquo;entr\u00e9e principale du parc national, qui couvre une bonne partie du centre et des montagnes du comt\u00e9 de Kerry. Une cath\u00e9drale est situ\u00e9e aupr\u00e8s de la route qui m\u00e8ne vers Killorglin. Lieu hyper touristique car au carrefour de bon nombre de ballades dans le Kerry. Le soir, les rues sont tr\u00e8s anim\u00e9es avec les pubs, ca donne !<\/span><\/p>\n<p><strong><span style=\"font-family: Calibri;\">16 juillet 2011<\/span><\/strong><\/p>\n<p><span style=\"color: #000000; font-family: Calibri;\">L&rsquo;anneau du Kerry (180 km). Certainement la plus populaire des p\u00e9ninsules irlandaises. La beaut\u00e9 des paysages est un savant m\u00e9lange de landes, de falaises, de vall\u00e9es couvertes de forets ou de petits lacs. On dit que selon le moment de la journ\u00e9e la lumi\u00e8re offre un contraste extraordinaire et un autre relief aux paysages. Pour nous c&rsquo;est pluie et pluie, voir toujours pluie, donc la lumi\u00e8re boff !<\/span><\/p>\n<p><strong><span style=\"font-family: Calibri;\">17 juillet 2011 (160 km)<\/span><\/strong><\/p>\n<p><span style=\"color: #000000; font-family: Calibri;\">La p\u00e9ninsule de Dingle o\u00f9 l&rsquo;on admire la beaut\u00e9 des paysages. C&rsquo;est ici dans ces ultimes c\u00f4tiers de l&rsquo;ouest, que survit la vraie Irlande ga\u00e9lique. Dans cette poche culturelle pr\u00e9serv\u00e9e, on parle presque partout le ga\u00e9lique. Les noms de village ne sont \u00e9crits que dans cette langue, ce qui n&rsquo;est pas toujours \u00e9vident pour s&rsquo;orienter, surtout sous la pluie. C&rsquo;est la plus septentrionale des p\u00e9ninsules du Kerry. Rude et sauvage, mais \u00e9galement rurale, elle est rest\u00e9e fid\u00e8le aux traditions et rien que pour ca, cela vaut le d\u00e9tour. Nous montons au col de Connor. De l\u00e0, on embrasse les deux versants de la p\u00e9ninsule de Dingle avec \u00e0 l&rsquo;horizon (et des 2 c\u00f4t\u00e9s) la mer. <\/span><\/p>\n<p><strong><span style=\"font-family: Calibri;\">18 juillet 2011 (210 km)<\/span><\/strong><\/p>\n<p><span style=\"color: #000000; font-family: Calibri;\">Tralee, les falaises de Moher (210 km). Avant de prendre le ferry entre Tarbert et Killimer, nous faisons un d\u00e9tour vers le village de Foynes le long de l&rsquo;estuaire du Shannon. Mus\u00e9e des hydravions (mais qui est ferm\u00e9), c&rsquo;est aussi le lieu o\u00f9 fut cr\u00e9\u00e9 le c\u00e9l\u00e8bre Irish Coffee. Puis route vers les falaises de Moher. Pluie et temp\u00eate nous emp\u00eache un peu de profiter de cette vue spectaculaire. Les falaises s&rsquo;\u00e9l\u00e8vent jusqu&rsquo;\u00e0 214 m au dessus de l&rsquo;oc\u00e9an sur une longueur de 8 km. Une tour a \u00e9t\u00e9 construite en 1835 pour offrir un point d&rsquo;observation. Malheureusement avec la temp\u00eate, toutes les croisi\u00e8res sont annul\u00e9es. Nous continuons donc notre route sur la r\u00e9gion de Burren. Le Burren qui signifie en ga\u00e9lique le pays pierreux est un plateau d\u00e9sertique de Karst situ\u00e9 au nord ouest du comt\u00e9 de Clare. Y poussent toutes sortes de fleurs m\u00e9diterran\u00e9ennes et alpines comme la gentiane bleue. Le temps toujours aussi gris, confond les lignes grises de la pierre et la mer. Nous continuons jusqu&rsquo;\u00e0 Galway.<\/span><\/p>\n<p><strong><span style=\"font-family: Calibri;\">19 juillet 2011 (220 km)<\/span><\/strong><\/p>\n<p><span style=\"color: #000000; font-family: Times New Roman; font-size: small;\">\u00a0<\/span><span style=\"font-family: Calibri;\"><span style=\"color: #000000;\">La pluie nous laisse un peu tranquille pour notre excursion dans le Connemara. Ce mot d\u00e9signe le poney indig\u00e8ne de cette r\u00e9gion, le poney Connemara, que l&rsquo;on peut apercevoir en libert\u00e9 dans le parc national. <\/span><span style=\"color: #000000;\">On passe de p\u00e9ninsule en p\u00e9ninsule pour d\u00e9couvrir cette r\u00e9gion magnifique : landes, tourbi\u00e8res, lacs etc. Une halte s&rsquo;oblige au c\u00e9l\u00e8bre ch\u00e2teau de Kylemore qui fut construit en 1868. Le b\u00e2timent dans un style n\u00e9o-gothique est entour\u00e9 d&rsquo;un immense jardin victorien cr\u00e9\u00e9 en 1867.<\/span><\/span><\/p>\n<p><strong><span style=\"font-family: Calibri;\">20 juillet 2011<\/span><\/strong><\/p>\n<p><span style=\"color: #000000; font-family: Calibri;\">En passant par Ennis, Bunratty Castle et son mus\u00e9e folklorique. Le ch\u00e2teau de Bunratty est l&rsquo;un des ch\u00e2teaux m\u00e9di\u00e9vaux les mieux pr\u00e9serv\u00e9s et les plus authentiques du pays. Construit au d\u00e9but du 15\u00e8me si\u00e8cle, il a \u00e9t\u00e9 r\u00e9nov\u00e9 et remeubl\u00e9s. Le aprc qui le ceinture est la reconstitution d&rsquo;un village irlandais du 19\u00e8me siecle, avec ses habitations, son \u00e9cole, ses magasins, ses fermes &#8230; Une visite surprenante. Par contre, pour la soir\u00e9e folklorique, il faut r\u00e9server longtemps \u00e0 l&rsquo;avance, donc c&rsquo;est mort pour nous. Dommage&#8230;<\/span><\/p>\n<p><strong><span style=\"font-family: Calibri;\">21 juillet 2011<\/span><\/strong><\/p>\n<p><span style=\"color: #000000; font-family: Calibri;\">Retour sur Limerick et Shannon, puis Paris.<\/span><\/p>\n<p><span style=\"color: #000000; font-family: Calibri;\">Cela faisait longtemps que l&rsquo;on voulait aller en Irlande, mais disons que le temps ex\u00e9crable ne nous a pas permis de profiter pleinement de cette escapade. Les randonn\u00e9es \u00e9taient limit\u00e9es de part cette m\u00e9t\u00e9o tr\u00e8s pluvieuse. Par contre nous avons particuli\u00e8rement appr\u00e9ci\u00e9 le type h\u00e9bergement en Bed &amp; Breakfast. Si nous avons pu boire le pire caf\u00e9 qu&rsquo;il n&rsquo;est jamais exist\u00e9, la rencontre avec les habitants est fabuleuse. L&rsquo;accueil est variable selon les lieux, toujours tr\u00e8s bien, mais quelquefois il y a le vrai petit plus, qui vous emm\u00e8ne \u00e0 discuter des heures avec nos h\u00f4tes.<\/span><\/p>\n<p><span style=\"color: #000000; font-family: Times New Roman; font-size: small;\">\u00a0<\/span><\/p>\n","protected":false},"excerpt":{"rendered":"<p>Du 14 au 21 juillet 2011 Arriv\u00e9e \u00e0 Shannon. On r\u00e9cup\u00e8re notre v\u00e9hicule et c&rsquo;est parti. Il fait frais mais le soleil est un peu au RDV pour visiter Limerick, 3\u00e8me grand ville d&rsquo;Irlande apr\u00e8s Dublin et Cork. Ballade autour du ch\u00e2teau, d\u00e9couverte de la ville &#8230; 15 juillet 2011 Route vers Killarney. La ville<\/p>\n","protected":false},"author":1,"featured_media":0,"parent":2337,"menu_order":0,"comment_status":"open","ping_status":"closed","template":"","meta":{"jetpack_post_was_ever_published":false,"footnotes":""},"class_list":["post-29","page","type-page","status-publish","hentry"],"jetpack_sharing_enabled":true,"jetpack_shortlink":"https:\/\/wp.me\/P6Bpot-t","jetpack_likes_enabled":true,"_links":{"self":[{"href":"https:\/\/mapatao.fr\/voyages\/index.php?rest_route=\/wp\/v2\/pages\/29","targetHints":{"allow":["GET"]}}],"collection":[{"href":"https:\/\/mapatao.fr\/voyages\/index.php?rest_route=\/wp\/v2\/pages"}],"about":[{"href":"https:\/\/mapatao.fr\/voyages\/index.php?rest_route=\/wp\/v2\/types\/page"}],"author":[{"embeddable":true,"href":"https:\/\/mapatao.fr\/voyages\/index.php?rest_route=\/wp\/v2\/users\/1"}],"replies":[{"embeddable":true,"href":"https:\/\/mapatao.fr\/voyages\/index.php?rest_route=%2Fwp%2Fv2%2Fcomments&post=29"}],"version-history":[{"count":4,"href":"https:\/\/mapatao.fr\/voyages\/index.php?rest_route=\/wp\/v2\/pages\/29\/revisions"}],"predecessor-version":[{"id":3668,"href":"https:\/\/mapatao.fr\/voyages\/index.php?rest_route=\/wp\/v2\/pages\/29\/revisions\/3668"}],"up":[{"embeddable":true,"href":"https:\/\/mapatao.fr\/voyages\/index.php?rest_route=\/wp\/v2\/pages\/2337"}],"wp:attachment":[{"href":"https:\/\/mapatao.fr\/voyages\/index.php?rest_route=%2Fwp%2Fv2%2Fmedia&parent=29"}],"curies":[{"name":"wp","href":"https:\/\/api.w.org\/{rel}","templated":true}]}}