{"id":4102,"date":"2016-11-29T17:49:04","date_gmt":"2016-11-29T17:49:04","guid":{"rendered":"http:\/\/mapatao.fr\/voyages\/?page_id=4102"},"modified":"2016-12-22T12:34:32","modified_gmt":"2016-12-22T12:34:32","slug":"equateur-galapagos-2016","status":"publish","type":"page","link":"https:\/\/mapatao.fr\/voyages\/?page_id=4102","title":{"rendered":"Equateur Galapagos (2016)"},"content":{"rendered":"<p>C&rsquo;est parti pour de nouvelles aventures et d\u00e9couvertes !<\/p>\n<p><a href=\"http:\/\/mapatao.fr\/voyages\/wp-content\/uploads\/2016\/11\/27314452-Ecuador-y-las-Islas-Gal-pagos-Mapa-Pol-tico-Foto-de-archivo.jpg\"><img loading=\"lazy\" decoding=\"async\" class=\"alignnone size-medium wp-image-4114\" src=\"http:\/\/mapatao.fr\/voyages\/wp-content\/uploads\/2016\/11\/27314452-Ecuador-y-las-Islas-Gal-pagos-Mapa-Pol-tico-Foto-de-archivo-300x172.jpg\" alt=\"27314452-ecuador-y-las-islas-gal-pagos-mapa-pol-tico-foto-de-archivo\" width=\"300\" height=\"172\" srcset=\"https:\/\/mapatao.fr\/voyages\/wp-content\/uploads\/2016\/11\/27314452-Ecuador-y-las-Islas-Gal-pagos-Mapa-Pol-tico-Foto-de-archivo-300x172.jpg 300w, https:\/\/mapatao.fr\/voyages\/wp-content\/uploads\/2016\/11\/27314452-Ecuador-y-las-Islas-Gal-pagos-Mapa-Pol-tico-Foto-de-archivo-1024x587.jpg 1024w, https:\/\/mapatao.fr\/voyages\/wp-content\/uploads\/2016\/11\/27314452-Ecuador-y-las-Islas-Gal-pagos-Mapa-Pol-tico-Foto-de-archivo.jpg 1300w\" sizes=\"auto, (max-width: 300px) 100vw, 300px\" \/><\/a><\/p>\n<p>Au programme :<\/p>\n<ul>\n<li>Fl\u00e2ner dans le vieux Quito, \u00e0 la d\u00e9couverte des vieilles \u00e9glises et\u00a0de 5 si\u00e8cles de pass\u00e9 colonial<\/li>\n<li>Apr\u00e8s la ligne\u00a0du p\u00f4le Nord, du tropic du capricorne ou de l\u2019antarctique, franchir symboliquement la ligne de l&rsquo;\u00e9quateur (latitude 0)<\/li>\n<li>Contempler les paysages uniques et explorer l&rsquo;exceptionnelle faune terrestre et sous marine des Galapagos<\/li>\n<li>Se m\u00ealer \u00e0 la foule sur le march\u00e9 aux bestiaux d&rsquo;Ottavalo<\/li>\n<li>Vivre dans une communaut\u00e9 indienne<\/li>\n<li>D\u00e9guster avec nos h\u00f4tes pour manger le fameux Hornado de chancho (cochon grill\u00e9)<\/li>\n<li>vivre au rythme d&rsquo;une hacienda entre p\u00e2turages et cabalgadas (ballades \u00e0 cheval)<\/li>\n<li>Etc.<\/li>\n<\/ul>\n<p>&nbsp;<\/p>\n","protected":false},"excerpt":{"rendered":"<p>C&rsquo;est parti pour de nouvelles aventures et d\u00e9couvertes ! Au programme : Fl\u00e2ner dans le vieux Quito, \u00e0 la d\u00e9couverte des vieilles \u00e9glises et\u00a0de 5 si\u00e8cles de pass\u00e9 colonial Apr\u00e8s la ligne\u00a0du p\u00f4le Nord, du tropic du capricorne ou de l\u2019antarctique, franchir symboliquement la ligne de l&rsquo;\u00e9quateur (latitude 0) Contempler les paysages uniques et explorer<\/p>\n","protected":false},"author":1,"featured_media":0,"parent":2337,"menu_order":0,"comment_status":"closed","ping_status":"closed","template":"","meta":{"jetpack_post_was_ever_published":false,"footnotes":""},"class_list":["post-4102","page","type-page","status-publish","hentry"],"jetpack_sharing_enabled":true,"jetpack_shortlink":"https:\/\/wp.me\/P6Bpot-14a","jetpack_likes_enabled":true,"_links":{"self":[{"href":"https:\/\/mapatao.fr\/voyages\/index.php?rest_route=\/wp\/v2\/pages\/4102","targetHints":{"allow":["GET"]}}],"collection":[{"href":"https:\/\/mapatao.fr\/voyages\/index.php?rest_route=\/wp\/v2\/pages"}],"about":[{"href":"https:\/\/mapatao.fr\/voyages\/index.php?rest_route=\/wp\/v2\/types\/page"}],"author":[{"embeddable":true,"href":"https:\/\/mapatao.fr\/voyages\/index.php?rest_route=\/wp\/v2\/users\/1"}],"replies":[{"embeddable":true,"href":"https:\/\/mapatao.fr\/voyages\/index.php?rest_route=%2Fwp%2Fv2%2Fcomments&post=4102"}],"version-history":[{"count":5,"href":"https:\/\/mapatao.fr\/voyages\/index.php?rest_route=\/wp\/v2\/pages\/4102\/revisions"}],"predecessor-version":[{"id":4159,"href":"https:\/\/mapatao.fr\/voyages\/index.php?rest_route=\/wp\/v2\/pages\/4102\/revisions\/4159"}],"up":[{"embeddable":true,"href":"https:\/\/mapatao.fr\/voyages\/index.php?rest_route=\/wp\/v2\/pages\/2337"}],"wp:attachment":[{"href":"https:\/\/mapatao.fr\/voyages\/index.php?rest_route=%2Fwp%2Fv2%2Fmedia&parent=4102"}],"curies":[{"name":"wp","href":"https:\/\/api.w.org\/{rel}","templated":true}]}}