{"id":4692,"date":"2017-12-09T09:35:47","date_gmt":"2017-12-09T09:35:47","guid":{"rendered":"http:\/\/mapatao.fr\/voyages\/?page_id=4692"},"modified":"2017-12-10T08:45:25","modified_gmt":"2017-12-10T08:45:25","slug":"thailande-2017","status":"publish","type":"page","link":"https:\/\/mapatao.fr\/voyages\/?page_id=4692","title":{"rendered":"Tha\u00eflande (2017)"},"content":{"rendered":"<p><strong>Du 18 d\u00e9cembre 2017 au 3 janvier 2018<\/strong><\/p>\n<p>La Tha\u00eflande ne nous a jamais beaucoup attir\u00e9e. Allez savoir pourquoi. Le tourisme de masse, l\u2019image du tourisme sexuel persistante ou simplement la repr\u00e9sentation d\u2019un pays aux milliers d\u2019\u00eeles offrant des plages de sable fin qui laisse un go\u00fbt de paradis. La plage, il est vrai, \u00e7a n\u2019a jamais \u00e9t\u00e9 notre truc.<br \/>\nMais nous avons fini par franchir le pas, certains nous incitant \u00e0 nous rendre en Tha\u00eflande nous soulignant que plusieurs sites sont inscrits Au patrimoine de l\u2019UNESCO, ce qui semble signifier effectivement qu\u2019ils pr\u00e9sentent une valeur universelle exceptionnelle.<br \/>\nAussi pour sentir pleinement les contrastes et s\u2019immerger dans la vie locale, nous nous sommes construits un itin\u00e9raire (avec l\u2019aide de Klang, notre contact sur place) nous permettant d\u2019emprunter tous les types de transports : tuk-tuks, bateaux sur le fleuve Chao Phraya et sur l&rsquo;\u00e9tonnant Khlong Saen Saep, le train, le v\u00e9lo, l\u00e0 kayak&#8230; Loin des villes (o\u00f9 nous passerons quand m\u00eame), nous privil\u00e9gions les parcs nationaux, la nature, et esp\u00e9rons de belles rencontres avec les habitants.<\/p>\n<p><strong>Au programme<\/strong><\/p>\n<ul>\n<li>Bangkok,\u00a0D\u00e9couverte de la vie locale et visite les sites incontournables<\/li>\n<li>Le march\u00e9 flottant de Damnoen Saduak \u2013 Kanchanburi \u2013 entre histoire et nature<\/li>\n<li>Le parc national d\u2019Erawan<\/li>\n<li>\u00a0Ayutthaya \u2013 l\u2019ancien capitale de la Tha\u00eflande \u00e0 v\u00e9lo<\/li>\n<li>Bang Pa In au sud d\u2019Ayutthaya<\/li>\n<li>Chiang Mai,\u00a0la rose de Tha\u00eflande &#8211;\u00a0Wat Phra that doi suthep \u2013 la vie locale \u00e0 chiang mai<\/li>\n<li>March\u00e9 et cours\u00a0de cuisine Thai<\/li>\n<li>Le parc national Khaosok<\/li>\n<li>Le lac de cheow Lan<\/li>\n<li>Khao sok\u00a0,\u00a0\u00eele Roay,\u00a0Koh Hong,\u00a0l\u2019\u00eele de Panyee,\u00a0Khao Ping-Gan,\u00a0Koh Tapu<\/li>\n<li>La baie de Phang Nga et\u00a0ses villages de p\u00e9cheur<\/li>\n<li>Koh Yao<\/li>\n<li>Phuket- Paris<\/li>\n<\/ul>\n<p><a href=\"http:\/\/mapatao.fr\/voyages\/wp-content\/uploads\/2017\/12\/carte1.jpg\"><img loading=\"lazy\" decoding=\"async\" class=\"alignnone size-large wp-image-4715\" src=\"http:\/\/mapatao.fr\/voyages\/wp-content\/uploads\/2017\/12\/carte1-578x1024.jpg\" alt=\"carte\" width=\"550\" height=\"974\" srcset=\"https:\/\/mapatao.fr\/voyages\/wp-content\/uploads\/2017\/12\/carte1-578x1024.jpg 578w, https:\/\/mapatao.fr\/voyages\/wp-content\/uploads\/2017\/12\/carte1-169x300.jpg 169w, https:\/\/mapatao.fr\/voyages\/wp-content\/uploads\/2017\/12\/carte1.jpg 944w\" sizes=\"auto, (max-width: 550px) 100vw, 550px\" \/><\/a><\/p>\n","protected":false},"excerpt":{"rendered":"<p>Du 18 d\u00e9cembre 2017 au 3 janvier 2018 La Tha\u00eflande ne nous a jamais beaucoup attir\u00e9e. Allez savoir pourquoi. Le tourisme de masse, l\u2019image du tourisme sexuel persistante ou simplement la repr\u00e9sentation d\u2019un pays aux milliers d\u2019\u00eeles offrant des plages de sable fin qui laisse un go\u00fbt de paradis. La plage, il est vrai, \u00e7a<\/p>\n","protected":false},"author":1,"featured_media":0,"parent":2337,"menu_order":0,"comment_status":"closed","ping_status":"closed","template":"","meta":{"jetpack_post_was_ever_published":false,"footnotes":""},"class_list":["post-4692","page","type-page","status-publish","hentry"],"jetpack_sharing_enabled":true,"jetpack_shortlink":"https:\/\/wp.me\/P6Bpot-1dG","jetpack_likes_enabled":true,"_links":{"self":[{"href":"https:\/\/mapatao.fr\/voyages\/index.php?rest_route=\/wp\/v2\/pages\/4692","targetHints":{"allow":["GET"]}}],"collection":[{"href":"https:\/\/mapatao.fr\/voyages\/index.php?rest_route=\/wp\/v2\/pages"}],"about":[{"href":"https:\/\/mapatao.fr\/voyages\/index.php?rest_route=\/wp\/v2\/types\/page"}],"author":[{"embeddable":true,"href":"https:\/\/mapatao.fr\/voyages\/index.php?rest_route=\/wp\/v2\/users\/1"}],"replies":[{"embeddable":true,"href":"https:\/\/mapatao.fr\/voyages\/index.php?rest_route=%2Fwp%2Fv2%2Fcomments&post=4692"}],"version-history":[{"count":7,"href":"https:\/\/mapatao.fr\/voyages\/index.php?rest_route=\/wp\/v2\/pages\/4692\/revisions"}],"predecessor-version":[{"id":4717,"href":"https:\/\/mapatao.fr\/voyages\/index.php?rest_route=\/wp\/v2\/pages\/4692\/revisions\/4717"}],"up":[{"embeddable":true,"href":"https:\/\/mapatao.fr\/voyages\/index.php?rest_route=\/wp\/v2\/pages\/2337"}],"wp:attachment":[{"href":"https:\/\/mapatao.fr\/voyages\/index.php?rest_route=%2Fwp%2Fv2%2Fmedia&parent=4692"}],"curies":[{"name":"wp","href":"https:\/\/api.w.org\/{rel}","templated":true}]}}