{"id":6276,"date":"2024-05-01T10:24:50","date_gmt":"2024-05-01T10:24:50","guid":{"rendered":"https:\/\/mapatao.fr\/voyages\/?page_id=6276"},"modified":"2024-05-18T06:44:12","modified_gmt":"2024-05-18T06:44:12","slug":"les-lofoten","status":"publish","type":"page","link":"https:\/\/mapatao.fr\/voyages\/?page_id=6276","title":{"rendered":"Les Lofoten (2024)"},"content":{"rendered":"\n<figure class=\"wp-block-image\"><img loading=\"lazy\" decoding=\"async\" width=\"1024\" height=\"768\" src=\"https:\/\/mapatao.fr\/voyages\/wp-content\/uploads\/2024\/05\/IMG_8667-1024x768.jpg\" alt=\"\" class=\"wp-image-6282\" srcset=\"https:\/\/mapatao.fr\/voyages\/wp-content\/uploads\/2024\/05\/IMG_8667-1024x768.jpg 1024w, https:\/\/mapatao.fr\/voyages\/wp-content\/uploads\/2024\/05\/IMG_8667-300x225.jpg 300w, https:\/\/mapatao.fr\/voyages\/wp-content\/uploads\/2024\/05\/IMG_8667-768x576.jpg 768w, https:\/\/mapatao.fr\/voyages\/wp-content\/uploads\/2024\/05\/IMG_8667.jpg 2016w\" sizes=\"auto, (max-width: 1024px) 100vw, 1024px\" \/><\/figure>\n\n\n\n<p>Cr\u00e9ation et pr\u00e9paration du voyage aux Lofoten du 5 au 12 mai 2024<\/p>\n\n\n\n<figure class=\"wp-block-image\"><img loading=\"lazy\" decoding=\"async\" width=\"1024\" height=\"347\" src=\"https:\/\/mapatao.fr\/voyages\/wp-content\/uploads\/2024\/05\/iles-lofoten-1024x347.jpg\" alt=\"\" class=\"wp-image-6284\" srcset=\"https:\/\/mapatao.fr\/voyages\/wp-content\/uploads\/2024\/05\/iles-lofoten-1024x347.jpg 1024w, https:\/\/mapatao.fr\/voyages\/wp-content\/uploads\/2024\/05\/iles-lofoten-300x102.jpg 300w, https:\/\/mapatao.fr\/voyages\/wp-content\/uploads\/2024\/05\/iles-lofoten-768x260.jpg 768w\" sizes=\"auto, (max-width: 1024px) 100vw, 1024px\" \/><\/figure>\n\n\n\n<p> L<strong>a Norv\u00e8ge<\/strong>, ou Norge en norv\u00e9gien, est le pays Scandinave le plus septentrional d\u2019Europe du Nord.\u00a0On voyage en Scandinavie pour se plonger dans la nature\u00a0des paysages nordiques. Apr\u00e8s Oslo ou Tromso, nous continuons nos\u00a0road trips en Norv\u00e8ge par <strong>les \u00eeles Lofoten et Vesteralen<\/strong>,  L&rsquo;archipel des Lofoten se trouve \u00e0 300 km au dessus du cercle polaire arctique . Le nom \u00e9voque \u00e0 lui\u2013seul le d\u00e9paysement et le lointain. H\u00e2te d&rsquo;y \u00eatre dans cette carte postale ! <\/p>\n\n\n\n<p>Quand on pr\u00e9pare un road trip aux Lofoten, la question qui revient le plus souvent :\u00a0<strong>comment est la m\u00e9t\u00e9o dans les \u00eeles Lofoten ?\u00a0<\/strong>Malgr\u00e9 leur latitude, bien au dessus du cercle arctique, l\u2019archipel b\u00e9n\u00e9ficie de temp\u00e9ratures cl\u00e9mentes toute l\u2019ann\u00e9e gr\u00e2ce\u2026 au<strong>\u00a0Gulf stream<\/strong>.  La m\u00e9t\u00e9o reste tr\u00e8s changeante et en mai, nous devrions trouver des temp\u00e9ratures autour de 8 degr\u00e9s mais parfois moins en ressenti selon le vent. <\/p>\n\n\n\n<p><strong><em>Le Gulf stream est un courant marin oc\u00e9anique chaud<\/em><\/strong><em>, circulant du Mexique vers les hautes latitudes d\u2019Europe. Il va ainsi venir r\u00e9chauffer l\u2019ensemble du littoral de Scandinavie, m\u00eame en hiver. <\/em><\/p>\n\n\n\n<p>Pour pouvoir explorer au mieux l\u2019archipel sans contrainte, nous avons lou\u00e9 une voiture.  Nous allons suivre <strong>E10<\/strong>, la route principale norv\u00e9gienne qui traverse les Lofoten, mais en partant de Harstad. En  choisissant l\u2019option classique de la location de voiture + h\u00f4tels, il nous faut compter en moyenne<strong>\u00a0<\/strong>une centaine d\u2019euro par nuit.  Et pour\u00a0louer un rorbu, une cabane de p\u00eacheurs typique de la Norv\u00e8ge, comptez environ\u00a0150\u20ac \u00e0 200\u20ac\u00a0selon le village.  Les rorbuer permettent n\u00e9anmoins de cuisiner nous m\u00eame, ce qui diminue les co\u00fbts\u00a0(sachant que les restaurants sont tr\u00e8s chers en Norv\u00e8ge\u2026) ou sinon des h\u00f4tels avec petits d\u00e9jeuner et buffet le soir.<\/p>\n","protected":false},"excerpt":{"rendered":"<p>Cr\u00e9ation et pr\u00e9paration du voyage aux Lofoten du 5 au 12 mai 2024 La Norv\u00e8ge, ou Norge en norv\u00e9gien, est le pays Scandinave le plus septentrional d\u2019Europe du Nord.\u00a0On voyage en Scandinavie pour se plonger dans la nature\u00a0des paysages nordiques. Apr\u00e8s Oslo ou Tromso, nous continuons nos\u00a0road trips en Norv\u00e8ge par les \u00eeles Lofoten et<\/p>\n","protected":false},"author":1,"featured_media":0,"parent":0,"menu_order":0,"comment_status":"closed","ping_status":"closed","template":"","meta":{"jetpack_post_was_ever_published":false,"footnotes":""},"class_list":["post-6276","page","type-page","status-publish","hentry"],"jetpack_sharing_enabled":true,"jetpack_shortlink":"https:\/\/wp.me\/P6Bpot-1De","jetpack_likes_enabled":true,"_links":{"self":[{"href":"https:\/\/mapatao.fr\/voyages\/index.php?rest_route=\/wp\/v2\/pages\/6276","targetHints":{"allow":["GET"]}}],"collection":[{"href":"https:\/\/mapatao.fr\/voyages\/index.php?rest_route=\/wp\/v2\/pages"}],"about":[{"href":"https:\/\/mapatao.fr\/voyages\/index.php?rest_route=\/wp\/v2\/types\/page"}],"author":[{"embeddable":true,"href":"https:\/\/mapatao.fr\/voyages\/index.php?rest_route=\/wp\/v2\/users\/1"}],"replies":[{"embeddable":true,"href":"https:\/\/mapatao.fr\/voyages\/index.php?rest_route=%2Fwp%2Fv2%2Fcomments&post=6276"}],"version-history":[{"count":8,"href":"https:\/\/mapatao.fr\/voyages\/index.php?rest_route=\/wp\/v2\/pages\/6276\/revisions"}],"predecessor-version":[{"id":6383,"href":"https:\/\/mapatao.fr\/voyages\/index.php?rest_route=\/wp\/v2\/pages\/6276\/revisions\/6383"}],"wp:attachment":[{"href":"https:\/\/mapatao.fr\/voyages\/index.php?rest_route=%2Fwp%2Fv2%2Fmedia&parent=6276"}],"curies":[{"name":"wp","href":"https:\/\/api.w.org\/{rel}","templated":true}]}}